en 194 is divided by 39?
38
What is the remainder when 353 is divided by 73?
61
What is the remainder when 45 is divided by 13?
6
What is the remainder when 2690 is divided by 193?
181
Calculate the remainder when 1414 is divided by 19.
8
Calculate the remainder when 3420 is divided by 1140.
0
What is the remainder when 324 is divided by 125?
74
Calculate the remainder when 611 is divided by 68.
67
What is the remainder when 74 is divided by 29?
16
Calculate the remainder when 796 is divided by 100.
96
What is the remainder when 5062 is divided by 83?
82
What is the remainder when 742 is divided by 123?
4
Calculate the remainder when 137 is divided by 50.
37
What is the remainder when 914 is divided by 50?
14
Calculate the remainder when 63 is divided by 36.
27
Calculate the remainder when 1030 is divided by 45.
40
What is the remainder when 160 is divided by 15?
10
Calculate the remainder when 1479 is divided by 4.
3
Calculate the remainder when 637 is divided by 174.
115
Calculate the remainder when 2675 is divided by 380.
15
What is the remainder when 173 is divided by 3?
2
What is the remainder when 569 is divided by 94?
5
What is the remainder when 192 is divided by 30?
12
What is the remainder when 108 is divided by 45?
18
What is the remainder when 205 is divided by 8?
5
What is the remainder when 462 is divided by 84?
42
What is the remainder when 1003 is divided by 260?
223
Calculate the remainder when 105 is divided by 6.
3
What is the remainder when 315 is divided by 46?
39
Calculate the remainder when 248 is divided by 242.
6
What is the remainder when 2216 is divided by 19?
12
What is the remainder when 602 is divided by 50?
2
What is the remainder when 2470 is divided by 8?
6
What is the remainder when 916 is divided by 92?
88
Calculate the remainder when 98 is divided by 17.
13
Calculate the remainder when 55 is divided by 27.
1
Calculate the remainder when 1524 is divided by 707.
110
What is the remainder when 252 is divided by 16?
12
Calculate the remainder when 1007 is divided by 72.
71
Calculate the remainder when 398 is divided by 49.
6
Calculate the remainder when 31 is divided by 6.
1
Calculate the remainder when 240 is divided by 46.
10
What is the remainder when 193 is divided by 126?
67
What is the remainder when 63 is divided by 22?
19
What is the remainder when 1191 is divided by 197?
9
What is the remainder when 1014 is divided by 145?
144
Calculate the remainder when 296 is divided by 13.
10
Calculate the remainder when 249 is divided by 51.
45
Calculate the remainder when 985 is divided by 136.
33
Calculate the remainder when 684 is divided by 49.
47
Calculate the remainder when 84 is divided by 5.
4
What is the remainder when 178 is divided by 82?
14
What is the remainder when 1049 is divided by 44?
37
What is the remainder when 712 is divided by 38?
28
Calculate the remainder when 28407 is divided by 134.
133
Calculate the remainder when 3103 is divided by 23.
21
Calculate the remainder when 61 is divided by 17.
10
What is the remainder when 294 is divided by 99?
96
What is the remainder when 5690 is divided by 73?
69
Calculate the remainder when 1473 is divided by 82.
79
Calculate the remainder when 791 is divided by 15.
11
Calculate the remainder when 155 is divided by 52.
51
What is the remainder when 92 is divided by 64?
28
What is the remainder when 2365 is divided by 26?
25
Calculate the remainder when 886 is divided by 238.
172
What is the remainder when 624 is divided by 93?
66
What is the remainder when 404 is divided by 7?
5
What is the remainder when 248 is divided by 64?
56
What is the remainder when 15 is divided by 11?
4
What is the remainder when 676 is divided by 12?
4
What is the remainder when 76 is divided by 51?
25
What is the remainder when 31 is divided by 8?
7
What is the remainder when 9620 is divided by 283?
281
What is the remainder when 983 is divided by 207?
155
What is the remainder when 2400 is divided by 92?
8
Calculate the remainder when 490 is divided by 46.
30
Calculate the remainder when 305 is divided by 37.
9
Calculate the remainder when 22823 is divided by 24.
23
What is the remainder when 116 is divided by 33?
17
Calculate the remainder when 25020 is divided by 17.
13
What is the remainder when 259 is divided by 105?
49
Calculate the remainder when 59 is divided by 57.
2
Calculate the remainder when 131 is divided by 11.
10
Calculate the remainder when 1057 is divided by 209.
12
Calculate the remainder when 75 is divided by 38.
37
Calculate the remainder when 1090 is divided by 26.
24
What is the remainder when 27 is divided by 15?
12
What is the remainder when 404 is divided by 103?
95
What is the remainder when 486 is divided by 167?
152
What is the remainder when 178 is divided by 63?
52
What is the remainder when 2789 is divided by 134?
109
Calculate the remainder when 317 is divided by 14.
9
Calculate the remainder when 339 is divided by 69.
63
Calculate the remainder when 45 is divided by 4.
1
What is the remainder when 259 is divided by 86?
1
What is the remainder when 4550 is divided by 2271?
8
What is the remainder when 431 is divided by 147?
137
Calculate the remainder when 259 is divided by 44.
39
Calculate the remainder when 17338 is divided by 170.
168
What is the remainder when 138 is divided by 28?
26
What is the remainder when 488 is divided by 163?
162
What is the remainder when 312 is divided by 73?
20
What is the remainder when 1677 is divided by 40?
37
Calculate the remainder when 6685 is divided by 16.
13
Calculate the remainder when 5718 is divided by 130.
128
What is the remainder when 74 is divided by 30?
14
What is the remainder when 207 is divided by 19?
17
What is the remainder when 227 is divided by 62?
41
What is the remainder when 280 is divided by 19?
14
What is the remainder when 153 is divided by 37?
5
Calculate the remainder when 7418 is divided by 225.
218
What is the remainder when 1376 is divided by 342?
8
What is the remainder when 812 is divided by 154?
42
Calculate the remainder when 58 is divided by 10.
8
Calculate the remainder when 167 is divided by 14.
13
What is the remainder when 31 is divided by 19?
12
Calculate the remainder when 1564 is divided by 157.
151
What is the remainder when 21114 is divided by 103?
102
Calculate the remainder when 340 is divided by 172.
168
What is the remainder when 957 is divided by 192?
189
Calculate the remainder when 271 is divided by 7.
5
Calculate the remainder when 527 is divided by 173.
8
What is the remainder when 559 is divided by 536?
23
What is the remainder when 4777 is divided by 26?
19
Calculate the remainder when 276 is divided by 72.
60
What is the remainder when 13 is divided by 11?
2
What is the remainder when 209 is divided by 10?
9
Calculate the remainder when 780 is divided by 98.
94
What is the remainder when 492 is divided by 9?
6
What is the remainder when 364 is divided by 160?
44
Calculate the remainder when 530 is divided by 176.
2
Calculate the remainder when 536 is divided by 192.
152
Calculate the remainder when 504 is divided by 102.
96
Calculate the remainder when 327 is divided by 22.
19
Calculate the remainder when 14641 is divided by 4877.
10
What is the remainder when 202 is divided by 63?
13
Calculate the remainder when 2173 is divided by 75.
73
Calculate the remainder when 9 is divided by 7.
2
Calculate the remainder when 124 is divided by 41.
1
What is the remainder when 12237 is divided by 68?
65
What is the remainder when 1070 is divided by 37?
34
What is the remainder when 4443 is divided by 247?
244
What is the remainder when 2409 is divided by 2404?
5
What is the remainder when 10678 is divided by 60?
58
Calculate the remainder when 24 is divided by 4.
0
What is the remainder when 5223 is divided by 39?
36
Calculate the remainder when 326 is divided by 39.
14
What is the remainder when 2189 is divided by 10?
9
What is the remainder when 44 is divided by 9?
8
Calculate the remainder when 442 is divided by 58.
36
Calculate the remainder when 258 is divided by 15.
3
Calculate the remainder when 5121 is divided by 5121.
0
What is the remainder when 87881 is divided by 254?
251
Calculate the remainder when 663 is divided by 70.
33
What is the remainder wh